{"id":1203,"date":"2019-05-16T14:00:38","date_gmt":"2019-05-16T12:00:38","guid":{"rendered":"https:\/\/www.poncetgroupe.com\/Creations-by-YGP\/?page_id=1203"},"modified":"2019-05-16T15:05:03","modified_gmt":"2019-05-16T13:05:03","slug":"docs-pros-en","status":"publish","type":"page","link":"https:\/\/www.poncetgroupe.com\/Creations-by-YGP\/en\/docs-pros-en\/","title":{"rendered":"Docs Pros EN"},"content":{"rendered":"<p>[et_pb_section bb_built=\u00a0\u00bb1&Prime; _builder_version=\u00a0\u00bb3.1.1&Prime; background_color=\u00a0\u00bb#002d48&Prime; next_background_color=\u00a0\u00bb#1f3847&Prime;][et_pb_row][et_pb_column type=\u00a0\u00bb4_4&Prime;][et_pb_text _builder_version=\u00a0\u00bb3.1.1&Prime; text_font_size=\u00a0\u00bb18px\u00a0\u00bb text_orientation=\u00a0\u00bbcenter\u00a0\u00bb background_layout=\u00a0\u00bbdark\u00a0\u00bb]<\/p>\n<p>T\u00e9l\u00e9chargez ici la documentation professionnelle :<\/p>\n<p>[\/et_pb_text][\/et_pb_column][\/et_pb_row][et_pb_row _builder_version=\u00a0\u00bb3.1.1&Prime; background_color_1=\u00a0\u00bb#ffffff\u00a0\u00bb background_color_2=\u00a0\u00bb#ffffff\u00a0\u00bb][et_pb_column type=\u00a0\u00bb1_2&Prime;][et_pb_text _builder_version=\u00a0\u00bb3.1.1&Prime; header_3_text_align=\u00a0\u00bbcenter\u00a0\u00bb header_3_text_color=\u00a0\u00bb#000000&Prime; header_3_font_size=\u00a0\u00bb23px\u00a0\u00bb text_text_color=\u00a0\u00bb#002d48&Prime; custom_padding=\u00a0\u00bb40px|||\u00a0\u00bb]<\/p>\n<h3>Transcontinentaux (TNLs)<\/h3>\n<p>[\/et_pb_text][et_pb_button _builder_version=\u00a0\u00bb3.1.1&Prime; button_text=\u00a0\u00bbPlaquette de pr\u00e9sentation\u00a0\u00bb button_alignment=\u00a0\u00bbcenter\u00a0\u00bb background_layout=\u00a0\u00bbdark\u00a0\u00bb custom_button=\u00a0\u00bbon\u00a0\u00bb button_bg_color=\u00a0\u00bbrgba(188,93,74,0.82)\u00a0\u00bb button_border_width=\u00a0\u00bb0&Prime; button_border_radius=\u00a0\u00bb100&Prime; button_font=\u00a0\u00bb|300|||||||\u00a0\u00bb button_border_radius_hover=\u00a0\u00bb0&Prime; custom_margin=\u00a0\u00bb0px||10px|\u00a0\u00bb button_text_size=\u00a0\u00bb18&Prime; saved_tabs=\u00a0\u00bball\u00a0\u00bb button_url=\u00a0\u00bbhttps:\/\/www.poncetgroupe.com\/Creations-by-YGP\/wp-content\/uploads\/2018-05-24-Transcontinentaux-Institutionnel.pdf\u00a0\u00bb url_new_window=\u00a0\u00bbon\u00a0\u00bb \/][et_pb_button _builder_version=\u00a0\u00bb3.1.1&Prime; button_text=\u00a0\u00bbFiche Technique et Rider\u00a0\u00bb button_alignment=\u00a0\u00bbcenter\u00a0\u00bb background_layout=\u00a0\u00bbdark\u00a0\u00bb custom_button=\u00a0\u00bbon\u00a0\u00bb button_bg_color=\u00a0\u00bbrgba(188,93,74,0.82)\u00a0\u00bb button_border_width=\u00a0\u00bb0&Prime; button_border_radius=\u00a0\u00bb100&Prime; button_font=\u00a0\u00bb|300|||||||\u00a0\u00bb button_border_radius_hover=\u00a0\u00bb0&Prime; custom_margin=\u00a0\u00bb0px||10px|\u00a0\u00bb button_text_size=\u00a0\u00bb18&Prime; saved_tabs=\u00a0\u00bball\u00a0\u00bb button_url=\u00a0\u00bbhttps:\/\/www.poncetgroupe.com\/Creations-by-YGP\/wp-content\/uploads\/Fiche-technique-et-Backline-TNL-Charango-2018.pdf\u00a0\u00bb url_new_window=\u00a0\u00bbon\u00a0\u00bb \/][et_pb_button _builder_version=\u00a0\u00bb3.1.1&Prime; button_text=\u00a0\u00bbGalerie Photos\u00a0\u00bb button_alignment=\u00a0\u00bbcenter\u00a0\u00bb background_layout=\u00a0\u00bbdark\u00a0\u00bb custom_button=\u00a0\u00bbon\u00a0\u00bb button_bg_color=\u00a0\u00bbrgba(188,93,74,0.82)\u00a0\u00bb button_border_width=\u00a0\u00bb0&Prime; button_border_radius=\u00a0\u00bb100&Prime; button_font=\u00a0\u00bb|300|||||||\u00a0\u00bb button_border_radius_hover=\u00a0\u00bb0&Prime; custom_margin=\u00a0\u00bb0px||50px|\u00a0\u00bb button_text_size=\u00a0\u00bb18&Prime; saved_tabs=\u00a0\u00bball\u00a0\u00bb button_url=\u00a0\u00bbhttps:\/\/www.poncetgroupe.com\/Creations-by-YGP\/galerie-photos-transcontinentaux\/\u00a0\u00bb url_new_window=\u00a0\u00bbon\u00a0\u00bb \/][\/et_pb_column][et_pb_column type=\u00a0\u00bb1_2&Prime;][et_pb_text _builder_version=\u00a0\u00bb3.1.1&Prime; header_3_text_align=\u00a0\u00bbcenter\u00a0\u00bb header_3_text_color=\u00a0\u00bb#000000&Prime; header_3_font_size=\u00a0\u00bb23px\u00a0\u00bb text_text_color=\u00a0\u00bb#002d48&Prime; custom_padding=\u00a0\u00bb40px|||\u00a0\u00bb]<\/p>\n<h3>Jazz Quartet \u00ab\u00a0S\u00a0\u00bb<\/h3>\n<p>[\/et_pb_text][et_pb_button _builder_version=\u00a0\u00bb3.1.1&Prime; button_text=\u00a0\u00bbPlaquette de pr\u00e9sentation\u00a0\u00bb button_alignment=\u00a0\u00bbcenter\u00a0\u00bb background_layout=\u00a0\u00bbdark\u00a0\u00bb custom_button=\u00a0\u00bbon\u00a0\u00bb button_bg_color=\u00a0\u00bbrgba(188,93,74,0.82)\u00a0\u00bb button_border_width=\u00a0\u00bb0&Prime; button_border_radius=\u00a0\u00bb100&Prime; button_font=\u00a0\u00bb|300|||||||\u00a0\u00bb button_border_radius_hover=\u00a0\u00bb0&Prime; custom_margin=\u00a0\u00bb0px||10px|\u00a0\u00bb button_text_size=\u00a0\u00bb18&Prime; saved_tabs=\u00a0\u00bball\u00a0\u00bb button_url=\u00a0\u00bbhttps:\/\/www.poncetgroupe.com\/Creations-by-YGP\/wp-content\/uploads\/2018-05-24-Jazz-Quartet-22S22-Institutionnel.pdf\u00a0\u00bb url_new_window=\u00a0\u00bbon\u00a0\u00bb \/][et_pb_button _builder_version=\u00a0\u00bb3.1.1&Prime; button_text=\u00a0\u00bbFiche Technique et Rider\u00a0\u00bb button_alignment=\u00a0\u00bbcenter\u00a0\u00bb background_layout=\u00a0\u00bbdark\u00a0\u00bb custom_button=\u00a0\u00bbon\u00a0\u00bb button_bg_color=\u00a0\u00bbrgba(188,93,74,0.82)\u00a0\u00bb button_border_width=\u00a0\u00bb0&Prime; button_border_radius=\u00a0\u00bb100&Prime; button_font=\u00a0\u00bb|300|||||||\u00a0\u00bb button_border_radius_hover=\u00a0\u00bb0&Prime; custom_margin=\u00a0\u00bb0px||10px|\u00a0\u00bb button_text_size=\u00a0\u00bb18&Prime; saved_tabs=\u00a0\u00bball\u00a0\u00bb button_url=\u00a0\u00bbhttps:\/\/www.poncetgroupe.com\/Creations-by-YGP\/wp-content\/uploads\/Fiche-technique-S-v1.0.pdf\u00a0\u00bb url_new_window=\u00a0\u00bbon\u00a0\u00bb \/][et_pb_button _builder_version=\u00a0\u00bb3.1.1&Prime; button_text=\u00a0\u00bbGalerie Photos\u00a0\u00bb button_alignment=\u00a0\u00bbcenter\u00a0\u00bb background_layout=\u00a0\u00bbdark\u00a0\u00bb custom_button=\u00a0\u00bbon\u00a0\u00bb button_bg_color=\u00a0\u00bbrgba(188,93,74,0.82)\u00a0\u00bb button_border_width=\u00a0\u00bb0&Prime; button_border_radius=\u00a0\u00bb100&Prime; button_font=\u00a0\u00bb|300|||||||\u00a0\u00bb button_border_radius_hover=\u00a0\u00bb0&Prime; custom_margin=\u00a0\u00bb0px||50px|\u00a0\u00bb button_text_size=\u00a0\u00bb18&Prime; saved_tabs=\u00a0\u00bball\u00a0\u00bb button_url=\u00a0\u00bbhttps:\/\/www.poncetgroupe.com\/Creations-by-YGP\/galerie-photos-jazz-quartet-s\/\u00a0\u00bb url_new_window=\u00a0\u00bbon\u00a0\u00bb \/][\/et_pb_column][\/et_pb_row][et_pb_row _builder_version=\u00a0\u00bb3.1.1&Prime; background_color_1=\u00a0\u00bb#ffffff\u00a0\u00bb background_color_2=\u00a0\u00bb#ffffff\u00a0\u00bb][et_pb_column type=\u00a0\u00bb1_2&Prime;][et_pb_text _builder_version=\u00a0\u00bb3.1.1&Prime; header_3_text_align=\u00a0\u00bbcenter\u00a0\u00bb header_3_text_color=\u00a0\u00bb#000000&Prime; header_3_font_size=\u00a0\u00bb23px\u00a0\u00bb text_text_color=\u00a0\u00bb#002d48&Prime; custom_padding=\u00a0\u00bb40px|||\u00a0\u00bb]<\/p>\n<h3>La Fabrique de Nuages<\/h3>\n<p>[\/et_pb_text][et_pb_button _builder_version=\u00a0\u00bb3.1.1&Prime; button_text=\u00a0\u00bbPlaquette de pr\u00e9sentation\u00a0\u00bb button_alignment=\u00a0\u00bbcenter\u00a0\u00bb background_layout=\u00a0\u00bbdark\u00a0\u00bb custom_button=\u00a0\u00bbon\u00a0\u00bb button_bg_color=\u00a0\u00bbrgba(188,93,74,0.82)\u00a0\u00bb button_border_width=\u00a0\u00bb0&Prime; button_border_radius=\u00a0\u00bb100&Prime; button_font=\u00a0\u00bb|300|||||||\u00a0\u00bb button_border_radius_hover=\u00a0\u00bb0&Prime; custom_margin=\u00a0\u00bb0px||10px|\u00a0\u00bb button_text_size=\u00a0\u00bb18&Prime; saved_tabs=\u00a0\u00bball\u00a0\u00bb button_url=\u00a0\u00bbhttps:\/\/www.poncetgroupe.com\/Creations-by-YGP\/wp-content\/uploads\/2018-05-24-La-Fabrique-de-Nuages-Institutionnel.pdf\u00a0\u00bb url_new_window=\u00a0\u00bbon\u00a0\u00bb \/][et_pb_button _builder_version=\u00a0\u00bb3.1.1&Prime; button_text=\u00a0\u00bbFiche Technique et Rider\u00a0\u00bb button_alignment=\u00a0\u00bbcenter\u00a0\u00bb background_layout=\u00a0\u00bbdark\u00a0\u00bb custom_button=\u00a0\u00bbon\u00a0\u00bb button_bg_color=\u00a0\u00bbrgba(188,93,74,0.82)\u00a0\u00bb button_border_width=\u00a0\u00bb0&Prime; button_border_radius=\u00a0\u00bb100&Prime; button_font=\u00a0\u00bb|300|||||||\u00a0\u00bb button_border_radius_hover=\u00a0\u00bb0&Prime; custom_margin=\u00a0\u00bb0px||10px|\u00a0\u00bb button_text_size=\u00a0\u00bb18&Prime; saved_tabs=\u00a0\u00bball\u00a0\u00bb button_url=\u00a0\u00bbhttps:\/\/www.poncetgroupe.com\/Creations-by-YGP\/wp-content\/uploads\/Fabrique-de-Nuages-Fich-Tech2-Janv2018.pdf\u00a0\u00bb url_new_window=\u00a0\u00bbon\u00a0\u00bb \/][et_pb_button _builder_version=\u00a0\u00bb3.1.1&Prime; button_text=\u00a0\u00bbGalerie Photos\u00a0\u00bb button_alignment=\u00a0\u00bbcenter\u00a0\u00bb background_layout=\u00a0\u00bbdark\u00a0\u00bb custom_button=\u00a0\u00bbon\u00a0\u00bb button_bg_color=\u00a0\u00bbrgba(188,93,74,0.82)\u00a0\u00bb button_border_width=\u00a0\u00bb0&Prime; button_border_radius=\u00a0\u00bb100&Prime; button_font=\u00a0\u00bb|300|||||||\u00a0\u00bb button_border_radius_hover=\u00a0\u00bb0&Prime; custom_margin=\u00a0\u00bb0px||50px|\u00a0\u00bb button_text_size=\u00a0\u00bb18&Prime; saved_tabs=\u00a0\u00bball\u00a0\u00bb button_url=\u00a0\u00bbhttps:\/\/www.poncetgroupe.com\/Creations-by-YGP\/galerie-photos-la-fabrique-de-nuages\/\u00a0\u00bb url_new_window=\u00a0\u00bbon\u00a0\u00bb \/][\/et_pb_column][et_pb_column type=\u00a0\u00bb1_2&Prime;][et_pb_text _builder_version=\u00a0\u00bb3.1.1&Prime; header_3_text_align=\u00a0\u00bbcenter\u00a0\u00bb header_3_text_color=\u00a0\u00bb#000000&Prime; header_3_font_size=\u00a0\u00bb23px\u00a0\u00bb text_text_color=\u00a0\u00bb#002d48&Prime; custom_padding=\u00a0\u00bb40px|||\u00a0\u00bb]<\/p>\n<h3>Chansons by YGP<\/h3>\n<p>[\/et_pb_text][et_pb_button _builder_version=\u00a0\u00bb3.1.1&Prime; button_text=\u00a0\u00bbPlaquette de pr\u00e9sentation\u00a0\u00bb button_alignment=\u00a0\u00bbcenter\u00a0\u00bb background_layout=\u00a0\u00bbdark\u00a0\u00bb custom_button=\u00a0\u00bbon\u00a0\u00bb button_bg_color=\u00a0\u00bbrgba(188,93,74,0.82)\u00a0\u00bb button_border_width=\u00a0\u00bb0&Prime; button_border_radius=\u00a0\u00bb100&Prime; button_font=\u00a0\u00bb|300|||||||\u00a0\u00bb button_border_radius_hover=\u00a0\u00bb0&Prime; custom_margin=\u00a0\u00bb0px||10px|\u00a0\u00bb button_text_size=\u00a0\u00bb18&Prime; saved_tabs=\u00a0\u00bball\u00a0\u00bb button_url=\u00a0\u00bbhttps:\/\/www.poncetgroupe.com\/Creations-by-YGP\/wp-content\/uploads\/2018-05-24-Chansons-by-YGP-Institutionnel.pdf\u00a0\u00bb url_new_window=\u00a0\u00bbon\u00a0\u00bb \/][et_pb_button _builder_version=\u00a0\u00bb3.1.1&Prime; button_text=\u00a0\u00bb+ d&rsquo;infos : Contactez-nous\u00a0\u00bb button_alignment=\u00a0\u00bbcenter\u00a0\u00bb background_layout=\u00a0\u00bbdark\u00a0\u00bb custom_button=\u00a0\u00bbon\u00a0\u00bb button_bg_color=\u00a0\u00bbrgba(188,93,74,0.82)\u00a0\u00bb button_border_width=\u00a0\u00bb0&Prime; button_border_radius=\u00a0\u00bb100&Prime; button_font=\u00a0\u00bb|300|||||||\u00a0\u00bb button_border_radius_hover=\u00a0\u00bb0&Prime; custom_margin=\u00a0\u00bb0px||10px|\u00a0\u00bb button_text_size=\u00a0\u00bb18&Prime; saved_tabs=\u00a0\u00bball\u00a0\u00bb button_url=\u00a0\u00bbhttps:\/\/www.poncetgroupe.com\/Creations-by-YGP\/contact\/\u00a0\u00bb url_new_window=\u00a0\u00bbon\u00a0\u00bb \/][et_pb_button _builder_version=\u00a0\u00bb3.1.1&Prime; button_text=\u00a0\u00bbGalerie Photos\u00a0\u00bb button_alignment=\u00a0\u00bbcenter\u00a0\u00bb background_layout=\u00a0\u00bbdark\u00a0\u00bb custom_button=\u00a0\u00bbon\u00a0\u00bb button_bg_color=\u00a0\u00bbrgba(188,93,74,0.82)\u00a0\u00bb button_border_width=\u00a0\u00bb0&Prime; button_border_radius=\u00a0\u00bb100&Prime; button_font=\u00a0\u00bb|300|||||||\u00a0\u00bb button_border_radius_hover=\u00a0\u00bb0&Prime; custom_margin=\u00a0\u00bb0px||50px|\u00a0\u00bb button_text_size=\u00a0\u00bb18&Prime; saved_tabs=\u00a0\u00bball\u00a0\u00bb button_url=\u00a0\u00bbhttps:\/\/www.poncetgroupe.com\/Creations-by-YGP\/galerie-photos-chansons-by-ygp\/\u00a0\u00bb url_new_window=\u00a0\u00bbon\u00a0\u00bb \/][\/et_pb_column][\/et_pb_row][\/et_pb_section][et_pb_section bb_built=\u00a0\u00bb1&Prime; _builder_version=\u00a0\u00bb3.1.1&Prime; background_color=\u00a0\u00bb#1f3847&Prime; custom_margin=\u00a0\u00bb||0px|\u00a0\u00bb custom_padding=\u00a0\u00bb10px|0px|39px|0px\u00a0\u00bb prev_background_color=\u00a0\u00bb#002d48&Prime;][et_pb_row custom_padding=\u00a0\u00bb0px||0|\u00a0\u00bb custom_margin=\u00a0\u00bb35px|||\u00a0\u00bb custom_padding_last_edited=\u00a0\u00bbon|desktop\u00a0\u00bb _builder_version=\u00a0\u00bb3.1.1&Prime; custom_margin_tablet=\u00a0\u00bb10px|||\u00a0\u00bb custom_margin_last_edited=\u00a0\u00bbon|phone\u00a0\u00bb][et_pb_column type=\u00a0\u00bb1_3&Prime;][et_pb_text _builder_version=\u00a0\u00bb3.1.1&Prime; custom_margin=\u00a0\u00bb0px|||\u00a0\u00bb custom_padding=\u00a0\u00bb0px|||\u00a0\u00bb] <img decoding=\"async\" loading=\"lazy\" class=\" wp-image-594 aligncenter\" src=\"https:\/\/www.poncetgroupe.com\/Creations-by-YGP\/wp-content\/uploads\/Logo_CreationsByYGP_web-1-300x300.png\" alt=\"\" width=\"153\" height=\"153\" srcset=\"https:\/\/www.poncetgroupe.com\/Creations-by-YGP\/wp-content\/uploads\/Logo_CreationsByYGP_web-1-300x300.png 300w, https:\/\/www.poncetgroupe.com\/Creations-by-YGP\/wp-content\/uploads\/Logo_CreationsByYGP_web-1-150x150.png 150w, https:\/\/www.poncetgroupe.com\/Creations-by-YGP\/wp-content\/uploads\/Logo_CreationsByYGP_web-1.png 640w\" sizes=\"(max-width: 153px) 100vw, 153px\" \/> [\/et_pb_text][\/et_pb_column][et_pb_column type=\u00a0\u00bb1_3&Prime;][et_pb_text _builder_version=\u00a0\u00bb3.1.1&Prime; background_layout=\u00a0\u00bbdark\u00a0\u00bb] SUIVEZ L&rsquo;ACTU DES CR\u00c9ATIONS BY YGP [\/et_pb_text][et_pb_social_media_follow _builder_version=\u00a0\u00bb3.1.1&Prime; text_orientation=\u00a0\u00bbleft\u00a0\u00bb][et_pb_social_media_follow_network social_network=\u00a0\u00bbfacebook\u00a0\u00bb url=\u00a0\u00bbhttps:\/\/www.facebook.com\/transcontinentalproject\/\u00a0\u00bb _builder_version=\u00a0\u00bb3.1.1&Prime; background_color=\u00a0\u00bb#3b5998&Prime; custom_margin=\u00a0\u00bb|||\u00a0\u00bb custom_padding=\u00a0\u00bb5px|5px|5px|5px\u00a0\u00bb follow_button=\u00a0\u00bboff\u00a0\u00bb url_new_window=\u00a0\u00bbon\u00a0\u00bb]facebook[\/et_pb_social_media_follow_network][et_pb_social_media_follow_network social_network=\u00a0\u00bbyoutube\u00a0\u00bb url=\u00a0\u00bbhttps:\/\/www.youtube.com\/channel\/UC8MmJjL7VP1Xeh_9PYFSOjw\u00a0\u00bb _builder_version=\u00a0\u00bb3.1.1&Prime; background_color=\u00a0\u00bb#a82400&Prime; custom_padding=\u00a0\u00bb5px|5px|5px|5px\u00a0\u00bb follow_button=\u00a0\u00bboff\u00a0\u00bb url_new_window=\u00a0\u00bbon\u00a0\u00bb] Youtube [\/et_pb_social_media_follow_network][\/et_pb_social_media_follow][et_pb_signup mailchimp_list=\u00a0\u00bb6351e69e09&Prime; mailchimp_account_name=\u00a0\u00bbCreations by YGP\u00a0\u00bb mailchimp_api_key=\u00a0\u00bbe70158740fba83c69b71936ee52163f2-us12&Prime; first_name_field=\u00a0\u00bboff\u00a0\u00bb last_name_field=\u00a0\u00bboff\u00a0\u00bb success_message=\u00a0\u00bbMerci pour votre inscription !\u00a0\u00bb button_text=\u00a0\u00bbS&rsquo;inscrire\u00a0\u00bb _builder_version=\u00a0\u00bb3.1.1&Prime; header_font=\u00a0\u00bb||||||||\u00a0\u00bb header_font_size=\u00a0\u00bb15px\u00a0\u00bb background_color=\u00a0\u00bb#1f3847&Prime; custom_button=\u00a0\u00bbon\u00a0\u00bb button_bg_color=\u00a0\u00bb#bc5d4a\u00a0\u00bb button_border_width=\u00a0\u00bb0px\u00a0\u00bb button_border_radius=\u00a0\u00bb100px\u00a0\u00bb button_font=\u00a0\u00bb|300||on|||||\u00a0\u00bb custom_margin=\u00a0\u00bb0px||0px|0&Prime; custom_padding=\u00a0\u00bb0px||0px|0px\u00a0\u00bb] S&rsquo;INSCRIRE \u00c0 LA NEWSLETTER [\/et_pb_signup][\/et_pb_column][et_pb_column type=\u00a0\u00bb1_3&Prime;][et_pb_text _builder_version=\u00a0\u00bb3.1.1&Prime; background_layout=\u00a0\u00bbdark\u00a0\u00bb]<\/p>\n<p>SOUTENEZ LES CR\u00c9ATIONS BY YGP<\/p>\n<p><a href=\"https:\/\/www.poncetgroupe.com\/Creations-by-YGP\/contact\/\">Laisser un t\u00e9moignage<\/a><\/p>\n<p>[\/et_pb_text][et_pb_text _builder_version=\u00a0\u00bb3.1.1&Prime; background_layout=\u00a0\u00bbdark\u00a0\u00bb]<\/p>\n<p>INFORMATIONS<\/p>\n<p><a href=\"https:\/\/www.poncetgroupe.com\/Creations-by-YGP\/mentions-legales\/\">Mentions l\u00e9gales<\/a><\/p>\n<p>[\/et_pb_text][\/et_pb_column][\/et_pb_row][\/et_pb_section]<\/p>\n","protected":false},"excerpt":{"rendered":"<p><div class=\"et_pb_row et_pb_row_0 et_pb_row_empty\">\n\t\t\t\t\n\t\t\t\t\n\t\t\t\t\n\t\t\t\t\n\t\t\t\t\n\t\t\t<\/div> T\u00e9l\u00e9chargez ici la documentation professionnelle : Transcontinentaux (TNLs) Jazz Quartet \u00ab\u00a0S\u00a0\u00bb La Fabrique de Nuages Chansons by YGP SUIVEZ L&rsquo;ACTU DES CR\u00c9ATIONS BY YGP facebook Youtube S&rsquo;INSCRIRE \u00c0 LA NEWSLETTER SOUTENEZ LES CR\u00c9ATIONS BY YGP Laisser un t\u00e9moignage INFORMATIONS Mentions l\u00e9gales<\/p>\n","protected":false},"author":1,"featured_media":0,"parent":0,"menu_order":0,"comment_status":"closed","ping_status":"closed","template":"","meta":{"_et_pb_use_builder":"on","_et_pb_old_content":"","_et_gb_content_width":""},"_links":{"self":[{"href":"https:\/\/www.poncetgroupe.com\/Creations-by-YGP\/wp-json\/wp\/v2\/pages\/1203"}],"collection":[{"href":"https:\/\/www.poncetgroupe.com\/Creations-by-YGP\/wp-json\/wp\/v2\/pages"}],"about":[{"href":"https:\/\/www.poncetgroupe.com\/Creations-by-YGP\/wp-json\/wp\/v2\/types\/page"}],"author":[{"embeddable":true,"href":"https:\/\/www.poncetgroupe.com\/Creations-by-YGP\/wp-json\/wp\/v2\/users\/1"}],"replies":[{"embeddable":true,"href":"https:\/\/www.poncetgroupe.com\/Creations-by-YGP\/wp-json\/wp\/v2\/comments?post=1203"}],"version-history":[{"count":0,"href":"https:\/\/www.poncetgroupe.com\/Creations-by-YGP\/wp-json\/wp\/v2\/pages\/1203\/revisions"}],"wp:attachment":[{"href":"https:\/\/www.poncetgroupe.com\/Creations-by-YGP\/wp-json\/wp\/v2\/media?parent=1203"}],"curies":[{"name":"wp","href":"https:\/\/api.w.org\/{rel}","templated":true}]}}